k**4/24 - 103*k**3/3 + 273*k**2 + 3. Determine c(29).
-3
Let m(t) = -t**2 - 5*t - 3. Suppose -2*n + 2*x + 22 = 0, -x + 2 = -3*n - 5*x. Suppose -n = 8*s - 7*s + p, 2*s = -3*p - 13. Determine m(s).
-3
Let g(l) = l**2 - 5*l + 5. Let x be -2 - (6/8 + 1/4). Let q be 6 + x + 17 + -13. Determine g(q).
19
Let c(h) be the second derivative of 1/2*h**2 - 6*h - 1/2*h**3 + 12. Give c(4).
-11
Let f(v) = -v - 2. Suppose -3*d - u + 53 = 4*u, -d + 31 = 5*u. Let h(p) = -d*p + 11*p + 0*p**2 + 11*p - p**2 - 21. Let j be h(9). What is f(j)?
1
Let v = 295 + -115. Let b(y) = -v - y**2 + y - y**2 + 178. Determine b(2).
-8
Let z be (8/(-7))/(12/(-42)). Let k(q) be the second derivative of 0 - 1/2*q**2 + 1/6*q**3 - 10*q. What is k(z)?
3
Let w(c) = -86*c + 331. Let t be w(4). Let s(f) = -f**2 - 13*f + 19. What is s(t)?
19
Let y(u) = -21*u + 697. Let i be y(33). Let g(k) = -9*k**2 + 10*k - 9. Let r(a) = -a**2 + a - 1. Let d(h) = -g(h) + 6*r(h). Determine d(i).
35
Let t(r) be the second derivative of 0 + 5/12*r**4 - r**3 + 23*r + 5/2*r**2 + 1/20*r**5. Suppose 0 = q - 4*q - 5*f - 38, -3*f - 18 = q. Give t(q).
5
Let y(q) = q**3 - 7*q**2 + 4*q + 34. Let m be y(5). Suppose 5*j - 11 = -w, -j - 14 = -m*w - 6*j. Let g(k) = 4*k**2 - 3*k + 2. What is g(w)?
3
Let l(a) = 2*a**2 + 90*a + 18. Let n be l(-45). Suppose n = -43*f + 49*f. Let y(x) = x**3 - 4*x**2 - x. Determine y(f).
-12
Let f(t) be the third derivative of t**5/15 - 107*t**4/24 + 44*t**3/3 + t**2 - 2*t + 558. Calculate f(26).
10
Suppose 0 = 72*c + 2047 - 2479. Let f(p) be the second derivative of -1/6*p**3 - p**2 + 0 + c*p. What is f(-3)?
1
Let m(i) = i**3 - 7*i**2 - i + 9. Let k(p) = p - 6. Let q be k(9). Suppose q*n = 6*n - 126. Let o = -35 + n. Give m(o).
2
Let u(l) = -4*l + 8. Let g(k) = -3*k + 4. Let t(h) = 6*h - 7. Let z(f) = -7*g(f) - 3*t(f). Let m be 0/1 + (5 - 2). Let p(o) = m*z(o) + 2*u(o). Determine p(6).
1
Let r(x) = -x**3 + 22*x**2 - 29*x + 20. Let j(y) = -y**3 + 20*y**2 - 20*y + 21. Let b(i) = 5*j(i) - 4*r(i). Give b(13).
64
Let h(w) = w**2 - 6*w + 5. Let u be h(6). Suppose 12 = u*y + 62. Let a(p) = 3*p + 1405695 - 2*p**2 + 8*p + 3*p**2 + p - 1405681. Calculate a(y).
-6
Let b(s) be the first derivative of -s**3/3 - 8*s**2 + 3*s + 512. Calculate b(-16).
3
Suppose -24*a + 43 = -9*a - 32. Let z(x) be the third derivative of 0*x + 0 + 1/30*x**a + 17*x**2 + 0*x**3 - 1/4*x**4. Determine z(4).
8
Let p(b) be the third derivative of -b**4/24 + 7*b**3/6 - b**2. Suppose -13*q + 26*q - 130 = 0. Let r be q*(6 + (-78)/12). Determine p(r).
12
Let p = -450 + 478. Let g(l) = l**3 - 28*l**2 + 2*l - 54. Let v be g(p). Let k(b) = 12*b - 3. Give k(v).
21
Let x(z) be the third derivative of z**5/60 + 5*z**4/24 - 13*z**3/6 - 1277*z**2. What is x(4)?
23
Let a(h) be the second derivative of -1/20*h**5 + 5/6*h**3 + 1/4*h**4 + 6 - h + 1/2*h**2. Calculate a(4).
5
Let v be 10*(-378)/(-90) - 15. Let n(s) = s**3 - 27*s**2 - s + 20. Give n(v).
-7
Let s be (8 + ((-8)/8 - 7))/(-2). Let y(l) = l**3 - 2*l**2 - 20 - l**2 + 2*l**2. What is y(s)?
-20
Let g = -2596 + 2597. Let s(u) = 4*u**3 - u**2 - u + 2. What is s(g)?
4
Let v(i) = 2*i - 51. Let a(p) = -p + 24. Let b = 388 + -379. Let m(r) = b*a(r) + 4*v(r). Determine m(-5).
17
Let y(k) be the first derivative of k**3/3 + 21*k**2/2 + 52*k + 2451. Calculate y(-19).
14
Suppose 3*t + 11*h - 103 = 57, -5*t - 4*h = -195. Let l(g) = 2*g**2 - 65*g - 187. What is l(t)?
-12
Let x(q) = -q**3 + 44*q**2 - 85*q + 44. Let z(d) = -d**2 + 144*d - 2333. Let b be z(19). Determine x(b).
2
Let w(q) = 5*q**2 - 130*q - 134. Let i be w(27). Let p(u) = -17*u**3 + u**2. Let g(v) = v**3 - v**2 + 1. Let r(m) = g(m) + p(m). Give r(i).
-15
Let k(d) = 5342*d**3 - 2693*d**3 - 60 - 2648*d**3 + d - 48*d**2. Give k(48).
-12
Let t(i) = i**3 + 2*i + 128. Let v be t(0). Let j(w) = -9 - w + 132*w**2 + w**3 + v*w**2 - 252*w**2. Calculate j(-8).
-1
Let s(r) = -r - 23. Suppose 51*n + 27*n = -8*n - 430. Determine s(n).
-18
Let o(c) = -15*c**3 - 6*c**2 + c + 1. Let m(i) = -46*i**3 - 29*i**2 + 12*i - 11. Let y(x) = m(x) - 3*o(x). Suppose 2*v + 13 = -11. Give y(v).
22
Let v(z) = -z**2 + 9*z - 10. Suppose -2 - 14 = -4*o. Suppose -o*n - 36 + 56 = 0. Let h be (n + -1)/((-16)/(-28)). What is v(h)?
4
Suppose -w = 3*w + 24. Let r(x) = -4 + 167*x - 138*x - 28*x. What is r(w)?
-10
Let x(s) = -7*s**3 - 29*s**2 + 10*s - 17. Let o(u) = u**3 + 4*u**2 - u + 1. Let q(m) = 6*o(m) + x(m). Determine q(-5).
-31
Let w(o) = 2*o - 3*o + 2 - 6. Suppose 17 - 13 = v. Suppose 32 = -4*h - v*h. Calculate w(h).
0
Let q(z) = 4*z + 30. Let r(s) = -s**3 - 15*s**2 + s + 10. Let f be r(-15). Calculate q(f).
10
Let b be 1/((-4 + 3)*(0 - (-7 + 8))). Let s(o) = 5*o**2 - o + 1. What is s(b)?
5
Let j be (-4)/16 - (-2)/8. Let s(w) = -w + j*w - 7*w + 5*w. Let v(h) = 2*h. Let a(c) = -3*s(c) - 3*v(c). What is a(-1)?
-3
Let j(p) be the first derivative of p**6/180 - p**5/40 - p**4/12 - 247*p**3/3 - 85. Let k(v) be the third derivative of j(v). What is k(3)?
7
Let p be (2 + -1)/((-413)/413). Let r(u) = -4. Let i(l) = l - 11. Let h(k) = -4*i(k) + 11*r(k). Give h(p).
4
Let t(l) be the first derivative of l**6/120 + 13*l**5/60 - 5*l**4/8 - 13*l**3/6 - 13*l**2/2 - 100. Let p(m) be the second derivative of t(m). What is p(-14)?
1
Let h be 33/(-6)*3/(9/(-78)). Let o = h - 141. Let x(r) = -8*r + 1 - 6*r - 23*r**o + 17*r - 4*r. Determine x(1).
-23
Let t(v) = v**3 + 2*v**2 - 2*v + 4. Suppose 27*l - 22*l = 450. Let j be 1/(-7) - l/(-42). Let s be 4 + j/((-6)/21). Determine t(s).
1
Let l be 0 + (0 - -4)/2. Suppose l*a - 2 = 2*o, -5*o - a - 13 = 4. Let y(f) = f + 1. Let u(p) = -p**2 + 2*p + 3. Let n(h) = -u(h) + 4*y(h). What is n(o)?
4
Let j(a) be the third derivative of -a**6/120 - a**5/15 - 5*a**4/24 - a**3/3 - 16*a**2 - 9*a. Calculate j(-3).
4
Let g(x) be the second derivative of x**4/12 + 5*x**3/3 + 7*x**2/2 - 7*x. Let q(d) = d**3 + 46*d**2 - 45*d + 86. Let p be q(-47). Give g(p).
-9
Let h(w) = -14*w**3 + 6*w**2 - 6*w - 7. Let c(y) = 2*y**3. Let l(b) = 8*c(b) + h(b). Give l(-3).
11
Let q(x) = 1 + 7*x + x**3 - 5 - 6 + 9*x + 18*x**2 + 1. Let t be q(-17). Let c(p) = -p**2 + 6*p + 11. Give c(t).
-5
Let o(n) = -n - 5. Let x = -17 + 23. Let g be (-6 + 4)/1*21/x. Let k be o(g). Let j(p) = 3*p - 2. Give j(k).
4
Let n(x) = 4*x**2 + 3*x - 13. Let b(g) = -3*g**2 - 5*g + 12. Let u = -224 - -222. Let z(w) = u*n(w) - 3*b(w). What is z(-7)?
-24
Let k = 113 - 116. Let h(f) = f**2 - 1. Let z(i) = 2*i**2 - 4*i - 4. Let w(r) = k*h(r) + z(r). Let g(q) = q. Let c(v) = 3*g(v) - w(v). Give c(-6).
-5
Let a(j) = -5 + 17*j**2 - 3*j**2 - 11*j**2 - 5996*j**3 + 5995*j**3 - j - 2*j**2 - 11*j**2. Let i = 20 - 30. Calculate a(i).
5
Let y(n) = 7*n - 17. Let s be (18 - 15) + (-35)/(-5). Calculate y(s).
53
Let r(b) be the third derivative of -b**5/20 - b**4/8 - b**3/3 - b**2. Suppose 0 = 214*j - 216*j - 32. Let a be ((-48)/j)/(18/(-12)). Determine r(a).
-8
Let z(n) = 7*n - 44. Let f = -8307 - -8314. Calculate z(f).
5
Let l = 28 + -16. Let r(h) = 3*h**2 + 15*h + 7. Let c be r(-5). Let t = l - c. Let b(g) = -g**3 + 6*g**2 - 7*g + 6. Calculate b(t).
-4
Suppose 2*g - 19 + 1 = 5*j, 5*g - 5*j - 30 = 0. Let b be (-28)/49 - (-90)/35. Let h(m) = -b*m + 0 - 8 + 0 + 6 + 4*m. Give h(g).
6
Let n(r) = -3*r - 4. Let t(g) = 2*g + 4. Let p(f) = 2*n(f) + 4*t(f). Give p(16).
40
Let f(y) = 17*y**2 + 2*y - 13. Let p be f(-1). Let n(i) = -i**3 - i**2 - i - 1. Calculate n(p).
-15
Let x = 165 - 137. Suppose -17 - x = -5*v. Let s(g) = g - 6. Determine s(v).
3
Suppose 0 = -2*u - 3*z - 28, 6*u - 3*z - 52 = 11*u. Let l be 4 - (6/4 - 2)*u. Let i(n) = -n**3 + n**2. Determine i(l).
0
Let n(y) be the second derivative of -y**4/6 + 5*y**3/6 - 3*y**2/2 + 3*y. Suppose -3*l - 3*o - 414 = -7*o, -3*l = 4*o + 390. Let i = 137 + l. Calculate n(i).
-6
Suppose -105*p + 1870 = 140*p - 58*p. Let a(b) = -3*b - 5 + 4*b**2 - 5*b**2 + 11*b. Determine a(p).
-25
Let h = -2661 + 2680. Let y(f) = -f**2 + 19*f + 9. Calculate y(h).
9
Let z(h) = -2*h**2 + 2*h - 1. Let s(j) = 10*j**3 - 13*j + 12*j**2 + 24 - 30*j**3 + 6*j**3 + 13*j**3. Let q be s(11). Let v be 3/2 - q/4. What is z(v)?
-1
Let k(h) = h**2 + h - 35. Let s = -43 + 48. Suppose -s*i + 0*i + 15 = -2*o, 9 = 3*o + 3*i. Calculate k(o).
-35
Let t(z) = -z - 2. Let n = -171 - -77. Let f = n - -89. What is t(f)?
3
Let d(n)